{"id":112,"date":"2018-05-07T12:44:51","date_gmt":"2018-05-07T12:44:51","guid":{"rendered":"http:\/\/euwp06.tecnavia.com\/chiesedisicilia\/news\/?page_id=112"},"modified":"2018-05-08T14:47:46","modified_gmt":"2018-05-08T14:47:46","slug":"privacy","status":"publish","type":"page","link":"https:\/\/www.chiesedisicilia.org\/privacy\/","title":{"rendered":"Privacy"},"content":{"rendered":"<p>Informativa ai sensi dell&#8217;art. 13 del Decreto Legislativo 30 giugno 2003, n.196<\/p>\n<p>Il trattamento dei dati personali che lei ci fornir\u00e0 durante la compilazione dei moduli sar\u00e0 improntato alla massima riservatezza, nel rispetto della fiducia che ha voluto accordarci.<br \/>\nDesideriamo informarla che il D.Lgs. n. 193\/2003 prevede la tutela delle persone e di altri soggetti rispetto al trattamento dei dati personali. Nel rispetto della legge indicata e delle autorizzazioni del Garante, il trattamento \u00e8 improntato ai principi di correttezza, liceit\u00e0 e trasparenza e di tutela della sua riservatezza e dei suoi diritti.<br \/>\nAi sensi dell&#8217;articolo 13, del D.lgs. n.196\/2003, le forniamo le seguenti informazioni:<\/p>\n<p>1. I dati da lei forniti verranno trattati per l&#8217;invio della newsletter settimanale;<\/p>\n<p>2. il conferimento dei dati \u00e8 facoltativo, ma il rifiuto di conferire i dati e il mancato rilascio del consenso al trattamento degli stessi comporteranno la impossibilit\u00e0 di attivare il servizio di invio della newsletter settimanale;<\/p>\n<p>3. Il trattamento sar\u00e0 effettuato con le seguenti modalit\u00e0: elaborazione prevalente con mezzi informatici, nonch\u00e9 con mezzi manuali e cartacei, mediante l&#8217;osservanza di ogni misura cautelativa e nel rispetto delle misure minime di sicurezza e la riservatezza dei dati stessi, esclusivamente per le finalit\u00e0 connessa al servizio offerto da Chiesedisicilia.org<\/p>\n<p>4. I dati non saranno oggetto di diffusione e non sono comunicati a terzi; potranno venire a conoscenza dei suoi dati gli eventuali responsabili e incaricati del trattamento, che saranno comunque persone dipendenti del titolare, e i soggetti ai quali Chiesedisicilia.org affida la gestione tecnica del sito;<\/p>\n<p>5. Il titolare del trattamento \u00e8: CESi (Conferenza Episcopale Siciliana);<\/p>\n<p>6. In ogni momento potr\u00e0 esercitare i suoi diritti nei confronti del titolare del trattamento, ai sensi dell&#8217;art.7 del D.lgs.196\/2003, inviando una lettera racc. a Conferenza Episcopale Siciliana, in Palermo, Corso calatafimi, 1043, ovvero inviando una email a <a href=\"mailto:ufficiostampa@chiesedisicilia.org\">ufficiostampa@chiesedisicilia.org<\/a> ;<\/p>\n<p>7. &#8211; In base al citato art. 7 lei ha diritto di ottenere la conferma dell&#8217;esistenza o meno di dati personali che la riguardano, anche se non ancora registrati, e la loro comunicazione in forma intelligibile; lei, inoltre, ha diritto di ottenere l&#8217;indicazione: a) dell&#8217;origine dei dati personali; b) delle finalit\u00e0 e modalit\u00e0 del trattamento; c) della logica applicata in caso di trattamento effettuato con l&#8217;ausilio di strumenti elettronici; d) degli estremi identificativi del titolare, dei responsabili e del rappresentante designato; e) dei soggetti o delle categorie di soggetti ai quali i dati personali possono essere comunicati o che possono venirne a conoscenza in qualit\u00e0 di rappresentante designato nel territorio dello Stato, di responsabili o incaricati; lei, altres\u00ec, ha diritto di ottenere: a) l&#8217;aggiornamento, la rettificazione ovvero, quando vi ha interesse, l&#8217;integrazione dei dati; b) la cancellazione, la trasformazione in forma anonima o il blocco dei dati trattati in violazione di legge, compresi quelli di cui non \u00e8 necessaria la conservazione in relazione agli scopi per i quali i dati sono stati raccolti o successivamente trattati; c) l&#8217;attestazione che le operazioni di cui alle lettere a) e b) sono state portate a conoscenza, anche per quanto riguarda il loro contenuto, di coloro ai quali i dati sono stati comunicati o diffusi, eccettuato il caso in cui tale adempimento si rivela impossibile o comporta un impiego di mezzi manifestamente sproporzionato rispetto al diritto tutelato; lei, infine, ha diritto di opporsi, in tutto o in parte: a) per motivi legittimi al trattamento dei dati personali che la riguardano, ancorch\u00e9 pertinenti allo scopo della raccolta; b) al trattamento di dati personali che la riguardano a fini di invio di materiale pubblicitario o di vendita diretta o per il compimento di ricerche di mercato o di comunicazione commerciale.<\/p>\n<p>Il\/la sottoscritto\/a, acquisite le informazioni fornite dal titolare del trattamento ai sensi dell&#8217;articolo 13 del D.Lgs. 196\/2003, presta il suo consenso al trattamento dei dati personali per i fini indicati nella suddetta informativa.<\/p>\n","protected":false},"excerpt":{"rendered":"","protected":false},"author":1,"featured_media":0,"parent":0,"menu_order":1525697091,"comment_status":"closed","ping_status":"closed","template":"page-no-sidebar.php","meta":[],"_links":{"self":[{"href":"https:\/\/www.chiesedisicilia.org\/chiesedisicilia\/news\/wp-json\/wp\/v2\/pages\/112"}],"collection":[{"href":"https:\/\/www.chiesedisicilia.org\/chiesedisicilia\/news\/wp-json\/wp\/v2\/pages"}],"about":[{"href":"https:\/\/www.chiesedisicilia.org\/chiesedisicilia\/news\/wp-json\/wp\/v2\/types\/page"}],"author":[{"embeddable":true,"href":"https:\/\/www.chiesedisicilia.org\/chiesedisicilia\/news\/wp-json\/wp\/v2\/users\/1"}],"replies":[{"embeddable":true,"href":"https:\/\/www.chiesedisicilia.org\/chiesedisicilia\/news\/wp-json\/wp\/v2\/comments?post=112"}],"version-history":[{"count":2,"href":"https:\/\/www.chiesedisicilia.org\/chiesedisicilia\/news\/wp-json\/wp\/v2\/pages\/112\/revisions"}],"predecessor-version":[{"id":251,"href":"https:\/\/www.chiesedisicilia.org\/chiesedisicilia\/news\/wp-json\/wp\/v2\/pages\/112\/revisions\/251"}],"wp:attachment":[{"href":"https:\/\/www.chiesedisicilia.org\/chiesedisicilia\/news\/wp-json\/wp\/v2\/media?parent=112"}],"curies":[{"name":"wp","href":"https:\/\/api.w.org\/{rel}","templated":true}]}}